4, what is -10 + 133103?
133033
In base 11, what is 2 - -123?
125
In base 6, what is -12 + -114?
-130
In base 12, what is 826 + 0?
826
In base 9, what is 36 - 8?
27
In base 12, what is -721 + 1?
-720
In base 9, what is -2 - 2122?
-2124
In base 6, what is -3120 + 25?
-3051
In base 5, what is -2 + -4402?
-4404
In base 9, what is 4 - -2610?
2614
In base 14, what is -9 - -d?
4
In base 4, what is -2 - 3312?
-3320
In base 14, what is 2 + -14?
-12
In base 6, what is -1425 - 0?
-1425
In base 15, what is 269 - 8?
261
In base 11, what is 71 + 15?
86
In base 3, what is 100110120 + 11?
100110201
In base 3, what is 11 + 11112001?
11112012
In base 15, what is 1d3 - -1?
1d4
In base 7, what is -5554 - 4?
-5561
In base 8, what is 12 - -57?
71
In base 5, what is 342 + -11?
331
In base 15, what is -3 - 210?
-213
In base 4, what is 1011 - 0?
1011
In base 14, what is -856 + -4?
-85a
In base 10, what is 3 - 623?
-620
In base 10, what is -224 + -12?
-236
In base 8, what is -1405 - -11?
-1374
In base 9, what is 5 - -366?
372
In base 7, what is -5 + -344?
-352
In base 4, what is -1000 - -201?
-133
In base 15, what is -2 + -1a7?
-1a9
In base 6, what is -23 - 113?
-140
In base 11, what is 1 + -32a0?
-329a
In base 5, what is 10 - -224?
234
In base 5, what is 11 - 2?
4
In base 4, what is 10 - 1302?
-1232
In base 15, what is 2a6 - -1e?
2c5
In base 9, what is 32 + -11?
21
In base 14, what is -2 + 86c?
86a
In base 3, what is -1 - 101120?
-101121
In base 2, what is 1100 - -100111?
110011
In base 2, what is -1011 - -10100?
1001
In base 15, what is -347 - 2?
-349
In base 5, what is 14 + 203?
222
In base 10, what is -336 + 4?
-332
In base 2, what is 111110 - -1010111110?
1011111100
In base 15, what is 2 - 62?
-60
In base 4, what is -23 + -2102?
-2131
In base 9, what is -4 + -1037?
-1042
In base 11, what is 7 + 135?
141
In base 4, what is -12123 + 3?
-12120
In base 12, what is 0 - -59?
59
In base 10, what is 10 + 1?
11
In base 3, what is 2 + 12?
21
In base 3, what is -2 + -21022111?
-21022120
In base 5, what is -1304 - -4?
-1300
In base 12, what is bb31 + 1?
bb32
In base 5, what is 3400 - -3?
3403
In base 11, what is -76 - -2?
-74
In base 5, what is 2 + -23?
-21
In base 5, what is -10 + -2220?
-2230
In base 10, what is 421 + -19?
402
In base 2, what is 100 - -11000101111?
11000110011
In base 3, what is 10212 + -12?
10200
In base 8, what is 3 + -7?
-4
In base 12, what is -8 - 17?
-23
In base 15, what is 3 - 8?
-5
In base 11, what is 0 + 436?
436
In base 8, what is 37 + 3?
42
In base 15, what is -a + 4?
-6
In base 16, what is -6 + 76?
70
In base 2, what is 111111 - 10101?
101010
In base 10, what is 1292 + 4?
1296
In base 13, what is -2c9 + 11?
-2b8
In base 3, what is -2 - -10022011?
10022002
In base 12, what is 20a + -1?
209
In base 5, what is 4 + -221?
-212
In base 15, what is 27 + a?
32
In base 16, what is -23d + 13?
-22a
In base 12, what is 68 - -24?
90
In base 7, what is 21 + 1131?
1152
In base 2, what is -1010001101 + 1?
-1010001100
In base 9, what is 14 - -7?
22
In base 4, what is 1 + -2003?
-2002
In base 6, what is 10 - 130?
-120
In base 16, what is -1358 + 2?
-1356
In base 7, what is 1525 - 4?
1521
In base 16, what is 7 - -31?
38
In base 9, what is -36 + -61?
-107
In base 13, what is -26 - -5?
-21
In base 7, what is 2 + 2151?
2153
In base 6, what is 22 + 1550?
2012
In base 4, what is 220 + -31?
123
In base 2, what is 1001 + -1001?
0
In base 4, what is 3 - -33?
102
In base 11, what is 18 + 69a?
707
In base 15, what is 80 + -a3?
-23
In base 9, what is -7 + 2?
-5
In base 16, what is -11 + -6?
-17
In base 16, what is 97 + 0?
97
In base 13, what is 18 - 50?
-35
In base 16, what is 1 + 277?
278
In base 13, what is 24 + 5?
29
In base 7, what is -25 + 55?
30
In base 12, what is 0 - -12?
12
In base 4, what is -303 + -313?
-1222
In base 3, what is 1202 + 112122?
121101
In base 12, what is -2 + 3?
1
In base 6, what is 135 - 1305?
-1130
In base 6, what is -10 + -213?
-223
In base 7, what is -552 - 16?
-601
In base 4, what is 1 - -3212?
3213
In base 16, what is 30 - 2?
2e
In base 5, what is -1410 - 0?
-1410
In base 10, what is 657 - 4?
653
In base 9, what is 3 - 103?
-100
In base 16, what is 34dd - -4?
34e1
In base 13, what is 23 + -1?
22
In base 11, what is -466 + 1?
-465
In base 6, what is -15 - -13?
-2
In base 12, what is 11a - -5?
123
In base 12, what is -29 - 9?
-36
In base 16, what is 2 - ae?
-ac
In base 10, what is 3 - 360?
-357
In base 16, what is -7b + 3?
-78
In base 13, what is 2 + 409?
40b
In base 8, what is 3 + -105?
-102
In base 6, what is -1 - 1245?
-1250
In base 7, what is 232 + 6?
241
In base 16, what is -c - 22?
-2e
In base 3, what is 2 - -2000220?
2000222
In base 13, what is 25a - 4?
256
In base 2, what is -11001 - -101001?
10000
In base 2, what is -10 - -100100100?
100100010
In base 11, what is -1 + 195?
194
In base 15, what is -1d + 144?
126
In base 2, what is 11010011 - 111010?
10011001
In base 5, what is 2231 + 1?
2232
In base 8, what is 146 - 2?
144
In base 8, what is -10 - 10?
-20
In base 4, what is -10 - -1?
-3
In base 14, what is 4 + 55?
59
In base 7, what is -1115 + 0?
-1115
In base 9, what is -2 + -20?
-22
In base 2, what is -110001 - 111?
-111000
In base 2, what is -1000 + -1000000?
-1001000
In base 16, what is 6593 - -4?
6597
In base 5, what is -130 + -12?
-142
In base 4, what is 211033 - -2?
211101
In base 9, what is 12403 + -5?
12387
In base 16, what is 27 - -b?
32
In base 9, what is -82 + -3?
-85
In base 12, what is -44 - -145?
101
In base 10, what is 1255 - -3?
1258
In base 3, what is -1001 - -102?
-122
In base 7, what is 22 + -154?
-132
In base 15, what is a29 + 6?
a30
In base 2, what is 10001110101011 - 10?
10001110101001
In base 16, what is 0 + 86?
86
In base 6, what is 101 - 1?
100
In base 4, what is -32122 - 33?
-32221
In base 5, what is -100333 - -3?
-100330
In base 7, what is -1044 - 10?
-1054
In base 5, what is -3 + 23?
20
In base 15, what is 4 + 51e?
523
In base 14, what is 8 + 2b?
35
In base 14, what is -cd - 7?
-d6
In base 16, what is -187 - -2?
-185
In base 16, what is -167b + 4?
-1677
In base 4, what is -2001 + 10?
-1331
In base 3, what is -1011001 - -112?
-1010112
In base 10, what is -46 - 185?
-231
In base 6, what is 21 + -30?
-5
In base 9, what is 12203 - -3?
12206
In base 12, what is -63 + 15?
-4a
In base 2, what is 1 + -10101?
-10100
In base 12, what is 188 + -4?
184
In base 16, what is 4 - 81?
-7d
In base 5, what is -200132 + -2?
-200134
In base 13, what is -b533 - -3?
-b530
In base 13, what is 3b - 21?
1a
In base 3, what is -12 + 200?
111
In base 7, what is 5 - -430?
435
In base 14, what is -291 - 0?
-291
In base 9, what is -4 - -276?
272
In base 3, what is -20010111 - 12?
-20010200
In base 4, what is 313 + -2?
311
In base 8, what is 22 - 1?
21
In base 2, what is -110 - -100001?
11011
In base 9, what is -24 - -33?
8
In base 5, what is -20 + -302?
-322
In base 15, what is a - -18?
23
In base 13, what is a + 24?
31
In base 16, what is -1 + 1e2?
1e1
In base 7, what is -101 - 0?
-101
In base 11, what is -2 + -76?
-78
In base 9, what is -5 - 760?
-765
In base 15, what is -55d + -3?
-561
In base 14, what is 1 + 730?
731
In base 4, what is 0 - -11300?
11300
In base 11, what is -68 - -308?
250
In base 5, what is -311 - 3?
-314
In base 8, what is 4314 + -3?
4311
In base 11, what is 117 - -1a?
136
In base 4, what is -110 - 11?
-121
In base 8, what is 3 - -117?
122
In base 6, what is -112 + 32?
-40
In base 14, what is -da2 + -3?
-da5
In base 15, what is -1813 - 0?
-1813
In base 10, what is -4338 + -2?
-4340
In base 10, what is -725 - 3?
-728
In base 16, what is 129 + -3?
126
In base 11, what is 4 + 22?
26
In base 16, what is -2 + -ed?
-ef
In base 4, what is -3203 - -2?
-3201
In base 13, what is 737 + 4?
73b
In base 11, what is -1 + -12a?
-130
In base 3, what is -2200 - 112?
-10012
In base 5, what is -10 + 214?
204
In base 7, what is -1631 - -1?
-1630
In base 3, what is 1 - -1111110?
1111111
In base 6, what is -13244 - -10?
-13234
In base 8, what is -22 + 13?
-7
In base 5, what is 30 - 114?
-34
In base 4, what is 3301 - 10?
3231
In base 15, what is 3 + -163c?
-1639
In base 8, what is -1 + -15?
-16
In base 11, what is 1 + 20?
21
In base 13, what is -1 + 1b1?
1b0
In base 7, what is -1 - 2242?
-2243
In base 7, what is -4 + 133?
126
In base 4, 